t are the prime factors of y?
2, 3
Let d(z) = 6*z**3 - 9*z**2 + 16*z - 2. List the prime factors of d(4).
2, 151
Let x(v) = v**2 + 2*v - 1. Suppose 2*w + 0*w + 4 = 0. Let l be x(w). List the prime factors of (2 + (l - 0))*4.
2
Let w(p) = p**2 + 5*p + 6. Let y be w(-4). Let r = 12 - 8. Suppose n + r = y*n. What are the prime factors of n?
2
Suppose 3*x = x + 544. List the prime factors of x.
2, 17
Let x(i) = -i**3 - 8*i**2 + 8*i + 4. Suppose b - 3 = 3*b + 5*s, 4*b + 5*s = -21. List the prime factors of x(b).
13
Let x(j) = j + 6. Let d be x(-4). Suppose -2*g + 17 = -d*u + 45, 0 = 4*u - 5*g - 56. What are the prime factors of u?
2, 7
Let p(u) = -6*u - 12. Let z be p(-6). Suppose t = -n - 0*n + z, -5*n = -4*t - 111. What are the prime factors of n?
23
Suppose -3*i - 3*b + 26 = -1, 4*i + 4 = 4*b. Let y = i - 4. List the prime factors of ((-5)/(-2) + y)*2.
5
Suppose -5*y + 3 = -7. What are the prime factors of -4*y/((-6)/9)?
2, 3
Let u(h) = -92*h - 1. What are the prime factors of u(-1)?
7, 13
Suppose -5*l - 4*y + 60 = 0, 1 = 4*y + 21. Suppose 4*c - 2*c = l. What are the prime factors of c?
2
Let w(p) = p**2 - 10*p + 7. Let u be (-18)/(-2) - (-4 - -3). Let l be w(u). List the prime factors of 1*l + 3/3.
2
Let o = 602 - 352. List the prime factors of o.
2, 5
Suppose -455 = -5*w - 0*w. What are the prime factors of w?
7, 13
Let j be (1/(-2))/((-6)/24). Suppose 3*a = f - 2*f - 7, -2*f = j*a + 14. Let x(z) = z**2 + 7*z + 3. What are the prime factors of x(f)?
3
List the prime factors of 2/14 - (-165)/21.
2
Let n(w) = -7*w + 4. Let b be n(-8). Suppose 5*j - 2*p = b, 3*j + p = 2*j + 19. List the prime factors of j.
2, 7
Let v(d) = -11*d**2 - 3*d - 5. Let m(h) = -7*h**2 - 2*h - 3. Let f(a) = -8*m(a) + 5*v(a). What are the prime factors of f(3)?
11
Suppose 4*g - 5*r = 241, 3*g = -0*g + 3*r + 183. What are the prime factors of g?
2
Let z(s) = -2*s**2 - 6*s + 7. Let h be z(-5). List the prime factors of (-104)/h*6/8.
2, 3
Let v(l) = l**2 - 2*l + 1. Suppose 0 = 2*q + 8, -5*z + 3 = 2*q - 14. List the prime factors of v(z).
2
Let z be (10/4)/(1/4). List the prime factors of (-4)/(8/(-5))*z.
5
Let b(h) = -h**3 - 7*h**2 - 6*h. Let m be b(-6). Suppose -2*p = -m - 2. Suppose 3 = q + p. List the prime factors of q.
2
Let v(u) = -57*u + 3. Let j be v(2). Let x be 2/(-6) - j/9. Let i = 24 - x. List the prime factors of i.
2, 3
Let o(u) be the third derivative of 2*u**2 + 0*u**4 + 0 + 1/60*u**5 + 0*u + 1/6*u**3. What are the prime factors of o(-1)?
2
Let y = -12 - -16. Let t = y - -12. List the prime factors of t.
2
What are the prime factors of ((-106)/3)/((-12)/18)?
53
Let d(y) = -y**3 - 6*y**2 - 4*y. Let x be d(-5). Let a = 10 + x. Suppose 19 - 4 = a*b. List the prime factors of b.
3
Let b = 38 - 27. What are the prime factors of b?
11
Let p = 210 + -2. What are the prime factors of ((-2)/(-8))/(4/p)?
13
Let d(p) = -p + 5. Let c be d(-9). Suppose 0 = -j - 3, 2*x + 5*j + 15 + c = 0. List the prime factors of (-2)/x - (-192)/14.
2, 7
Suppose -h + 3*h - 18 = 0. Let y(k) = -k**2 + 1 + h - 2 - 7*k. List the prime factors of y(-7).
2
Suppose -4*d - 2*x = -30, -x - 3 - 2 = 0. List the prime factors of d.
2, 5
Suppose 0 = 2*v - 5*v. Suppose -35 = -5*i - v. List the prime factors of i.
7
Suppose 2*w + 6*y = 2*y + 16, -3*y = 3*w - 9. Let n = w - -2. Suppose n = h + 1 - 7. What are the prime factors of h?
2, 3
Let j(o) = -2*o**2 - 57*o - 1. List the prime factors of j(-28).
3
Suppose 0 = -0*m + 4*m + 32. Let z = m - -14. What are the prime factors of z?
2, 3
Suppose 3*z = -2*n + 163, z - n - 8 = 43. Let b = z + -5. List the prime factors of b.
2, 3
Let k = 10 - -10. What are the prime factors of k?
2, 5
Suppose 5*y + 5 = 0, 0*s + 3*y = s - 246. What are the prime factors of s?
3
Let f(s) = s + 3. Let u be f(4). Suppose -u*y = -3*y - 44. Suppose -5*c = -20, j + 2*c = y + 5. List the prime factors of j.
2
Suppose -q - w - 4*w - 8 = 0, 5*q - 29 = -2*w. Let x = q + 26. List the prime factors of x.
3, 11
Let r(b) = -b**2 + 4*b - 1. Let d be r(3). Suppose -2*s + 47 = v, 0 = 5*s - d*v + v - 107. Let j = -11 + s. What are the prime factors of j?
11
Suppose 0 = -b + 5*f - 11, 0*b - 9 = 2*b + 3*f. Let n be (b/(-2))/((-6)/(-32)). Let a = -3 + n. List the prime factors of a.
13
Let q(j) = -j + 35. List the prime factors of q(24).
11
Let n(o) = -o**3 + 6*o**2 - 3. Let d be n(3). What are the prime factors of (d/(-9))/((-1)/3)?
2
Let g(i) = 2*i**2 - 5*i + 6. Let t(u) = u**3 + 4*u**2 - 3*u - 6. Let k be t(-4). What are the prime factors of g(k)?
2, 3
Let o = 211 + -39. What are the prime factors of o?
2, 43
Suppose 6*v = -2*o + 5*v + 205, 2*o = v + 215. What are the prime factors of o?
3, 5, 7
Suppose 0*m + 3*m + 11 = i, 4*i - 104 = -3*m. List the prime factors of i.
23
Let s = 14 + -11. Suppose -s*a + 282 = 3*a. List the prime factors of a.
47
Let z = 2 - 14. What are the prime factors of z/(-14)*(-21)/(-3)?
2, 3
Let t(w) = 6*w**3. Suppose 2*f - 4*y - 4 = 0, -y + 0 = f - 2. Suppose f = 4*h - 2. What are the prime factors of t(h)?
2, 3
Suppose -10*p + 6*p + 140 = 0. Let b = p - 20. What are the prime factors of b?
3, 5
Let k = -5 - -7. Suppose k*x = 4*x. Suppose x = -3*f - 21 + 51. What are the prime factors of f?
2, 5
Let i(w) = 6*w**2 - 4*w - 7. List the prime factors of i(5).
3, 41
Suppose 4*m + 1098 = 10*m. What are the prime factors of m?
3, 61
Suppose -2*m = -o + 10, -m + 4*m + 26 = -4*o. Let x = -6 - m. Suppose 5*u - 20 = -x. What are the prime factors of u?
2
Let v(z) = -6*z + 30. What are the prime factors of v(-7)?
2, 3
Let r be (82/6)/(3/9). What are the prime factors of (r - -5)/(-1 + 3)?
23
Let g = -23 + 24. Let m(r) = 8*r**3 - 2*r + 1. What are the prime factors of m(g)?
7
Let n(r) = -2*r**3 - r**2 + 1. Let f be n(1). List the prime factors of (f/3)/(10/(-165)).
11
Let o(j) = -j + 185. Let p be o(0). Suppose 4*b - 3*l - p = -0*l, 3*b + 3*l = 165. List the prime factors of b.
2, 5
Let y be (-203)/(-21) - 4/6. Suppose 2*l + l - y = 0. List the prime factors of l.
3
What are the prime factors of (-284)/(-6)*(6 - (-36)/(-8))?
71
Let n be 0/(1 + -2) - 12. Let c be 3/n + (-27)/(-12). Suppose 3*q - 29 = -4*j, 3*j - 18 = -q - c*q. List the prime factors of j.
11
Let y(m) = 7*m - 4. Let b be y(-4). Let o be (b/(-2))/((-4)/(-8)). Suppose -2*u + o = 2*u. What are the prime factors of u?
2
Suppose -183 = -5*d - 18. What are the prime factors of d?
3, 11
Suppose -2*p - 13 = p + l, -l = 4*p + 17. Let f = 8 + p. Suppose -5*j = -i - 21, -5*i + 5*j + 15 = f*j. List the prime factors of i.
2
Suppose -7*m = -3*m - 8. Let t(r) = 2*r**2 - 4*r + 3. Let n be t(m). What are the prime factors of n*2*3/9?
2
Suppose 4*s - 3*s = 3*s. Let y(q) = q**3 - q + 1. Let v(c) = -2*c**3 + c**2 + 3*c - 16. Let x(k) = -v(k) - 3*y(k). List the prime factors of x(s).
13
Let i(u) = u**2 - 7*u + 9. What are the prime factors of i(8)?
17
Let i(w) = w**2 + 12*w - 2. Let d(k) = -13*k**2. Let x be ((-1)/2)/((-3)/6). Let y be d(x). List the prime factors of i(y).
11
List the prime factors of 2/(-5) - 1*(-6034)/35.
2, 43
What are the prime factors of (-2)/(-4) + (-294)/(-4)?
2, 37
Suppose a - 4*a + 204 = -4*l, 2*a = 2*l + 134. List the prime factors of a.
2
Let b(f) = -f**2 + 8*f - 10. Let d be b(7). Let u(o) = -2*o**3 - 4*o**2 - 3*o + 3. What are the prime factors of u(d)?
2, 3, 5
Let l(s) be the third derivative of -s**5/60 - s**4/4 - s**3/6 + 4*s**2. What are the prime factors of l(-5)?
2
Suppose 3*r - 1 = -4. What are the prime factors of -32*3/(r + -2)?
2
Let x(p) = p**2 - 2*p - 4. Let o be x(4). Suppose 0 = 2*n - o. What are the prime factors of n?
2
Let c(m) = -2*m - 7. Let d be c(-6). Suppose -2*w - d*z = -15, 22 - 3 = 3*w + 4*z. What are the prime factors of w?
5
Suppose 3*f = 25 + 35. Let b = -1 - 13. List the prime factors of b/21 - f/(-3).
2, 3
Let i = -10 - -18. List the prime factors of i.
2
Let n be 9/(-3)*132/9. Let c = 0 - n. List the prime factors of c.
2, 11
Suppose r - 7 = 3. What are the prime factors of r?
2, 5
Let f(i) = i**3 - i**2 + i. Let h(l) = -2*l**3 + 6*l**2 - 7*l - 2. Let z be 1 - 1*(4 - 2). Let s(c) = z*h(c) - 3*f(c). List the prime factors of s(-4).
2
Suppose 0 = 3*m - 2*n - 0*n - 80, 5*n = 5*m - 140. Suppose -3*o + 5*r = -37, -o + m = -0*o - 4*r. List the prime factors of (-24)/(-2)*2/o.
2